 is the remainder when m is divided by (c/(-9))/(4/42)?
4
Let x be 32/18 - 6/(-27). What is the remainder when 10 is divided by 21/3 + (-2)/x?
4
Let l = 44 + -26. Suppose -12 = -0*d - 4*d. Suppose 28 - 84 = -2*n + d*p, -p = -n + 30. Calculate the remainder when n is divided by l.
16
Suppose -l + 2*l + 3*b - 10 = 0, -3*l + 3*b + 30 = 0. What is the remainder when 39 is divided by l?
9
Let i(k) be the third derivative of k**6/120 + 7*k**5/60 + k**4/6 - 2*k**3/3 - 7*k**2. Calculate the remainder when i(-5) is divided by 10.
6
Suppose -3*l - 3*x - 6 = 0, 5*l + x = -3*x - 5. Suppose 2*m - 3*w - 10 = 0, 0 = -3*m - 14*w + 9*w + 34. Calculate the remainder when m is divided by l.
2
Suppose -5 = 2*y + 3. Let l = y - -9. Calculate the remainder when l is divided by 0 - (-1 - (1 - 0)).
1
Suppose -2*g + 5*s = 2*g - 47, 5*s + 15 = 0. What is the remainder when g is divided by 5?
3
Suppose -5*u - 3*p = -2*p - 45, -u = -p - 9. Calculate the remainder when u is divided by 3 + -2 - (-30)/6.
3
Suppose 108 + 3 = 3*j. What is the remainder when j is divided by 16?
5
Suppose 0 = -17*a + 18*a - 110. Calculate the remainder when a is divided by 14.
12
Let v = -119 - -176. What is the remainder when (0 + v)/(-2 + 3) is divided by 15?
12
What is the remainder when 37 is divided by 39*(2 + (-10)/6)?
11
Suppose -4*g + 88 = 2*t, 4*t + 76 = g + 3*g. What is the remainder when (-2)/(-9) + (-1047)/(-27) is divided by g?
18
Suppose 5*d - 84 = 81. Calculate the remainder when d is divided by 18.
15
Let n be (-3)/(-12) + 30/8. Suppose -5*j + 3 = 3*d - 17, 0 = -3*j - 5*d - n. Let b = 12 - j. What is the remainder when 14 is divided by b?
4
Let m(i) = i - 1. Let q be m(7). Suppose d - 2 = 2*h, 4*d - 2*h + q*h = -52. Let s = 22 + d. What is the remainder when s is divided by 4?
2
Suppose 3*j - 51 - 54 = 0. Suppose -5*h + 4*t + 44 = -36, 2*t = -10. Calculate the remainder when j is divided by h.
11
Let q(g) = g**3 + 5*g**2 - 5*g + 6. Let x be q(-6). Suppose -8*z = -4*z + 4*r - 112, 4*z - 3*r - 91 = x. What is the remainder when z is divided by 7?
4
Let p(l) = -l**2 - 6*l - 2. Let x be p(-6). Let d = -83 + 83. What is the remainder when (-2 - d)/(x - -1) is divided by 2?
0
Suppose 0 = -2*q - 16 + 40. Calculate the remainder when 23 is divided by q.
11
Let q(z) = z**2 + 6*z - 3. Let y be q(-8). Let f = y + 13. Suppose -4*a = -2*v - a + 15, 3*v + 2*a = 29. What is the remainder when f is divided by v?
8
Suppose -4*k = -3*o + 25 + 5, -4*o = k - 40. Let v(h) = 4*h**3 - 2*h**2 + 2*h - 1. Calculate the remainder when o is divided by v(1).
1
Let x(l) = -6*l + 4. Let d = -26 - -28. Suppose -4*k + d*c + 53 = 3*c, 5*k = c + 73. What is the remainder when x(-6) is divided by k?
12
Let a(k) = k**3 + 16. Let g be (-1 - -3) + (-6)/3. Calculate the remainder when 30 is divided by a(g).
14
Let u(v) = -v**3 - 4*v**2 + 7*v - 1. Let k be u(-6). Let z = -19 + 29. What is the remainder when 0 - (0 - (0 + k)) is divided by z?
9
Let a = 16 + -11. Calculate the remainder when 43 is divided by a.
3
Suppose -5*r + 50 = -0*r. Let l = -5 + r. Let u = -36 - -50. Calculate the remainder when u is divided by l.
4
Suppose 20 = k + 5*z, -2*z - 3*z - 70 = -2*k. Let v = 199 + -119. Suppose 2*x - v = -3*x. Calculate the remainder when k is divided by x.
14
Suppose 132 = -0*d + 2*d. Let w = -1 + 16. Let f = 32 - w. What is the remainder when d is divided by f?
15
Suppose -4*i = -7*i + 45. Suppose 3*j = 2*j + i. What is the remainder when 29 is divided by j?
14
Suppose 9*i = 105 + 228. Calculate the remainder when 73 is divided by i.
36
Let g = -2 + 5. Let n = g + 10. Calculate the remainder when n is divided by 5.
3
Suppose -5*o - 3*v = -30, -v + 20 = 5*o - 0*v. Suppose 2*f - o*f + 2*x + 12 = 0, -5*x - 33 = -3*f. What is the remainder when 21 is divided by f?
3
Suppose -4*l + 11*l - 56 = 0. Calculate the remainder when 28 is divided by l.
4
Let m(d) = d**2 - 4. What is the remainder when m(-5) is divided by 3 - 6 - (-4 + -10)?
10
Let m(c) = c**3 - 8*c**2 - 8*c + 3. Let f be m(7). Let x = f - -234. Let l = x + -83. What is the remainder when l is divided by 17?
15
What is the remainder when (-633)/(-15) + 3/(-15) is divided by 11?
9
Suppose -2*x + 6*l + 4 = 2*l, 28 = 2*x + 2*l. Calculate the remainder when 35 is divided by x.
5
Suppose 0*c + 3*c - s - 39 = 0, s - 57 = -5*c. What is the remainder when 35 is divided by c?
11
Suppose 75 = -0*b + 5*b. Let x(u) = -4*u + 15. Suppose -z + 13 = 4*v, 4*z - v + 38 = 5. What is the remainder when x(z) is divided by b?
13
Let j = -5 + 1. Let m = j + 14. Suppose -4*r + 2*s + m = s, -s = 5*r - 8. What is the remainder when 2 is divided by r?
0
Let x = 0 + -1. Let k(g) be the third derivative of g**5/10 + g**3/6 + 3*g**2. Calculate the remainder when 12 is divided by k(x).
5
Let h(t) = t**3 + 3*t**2 + 3*t + 2. Let m be h(-2). Suppose 0 = -3*o + 6 - m. Suppose -o*b + 3*b = 8. Calculate the remainder when b is divided by 3.
2
Let u(h) = 2*h - 15. Suppose 3*s - 92 + 11 = 0. Calculate the remainder when s is divided by u(11).
6
Suppose -6*m + 155 = 47. What is the remainder when m is divided by 8?
2
Suppose 30 = 4*a + a. Let i(o) = o - 1 - 2*o - 1. What is the remainder when a is divided by i(-6)?
2
Suppose 16 = 3*c - c. Let g be 27/(-4) + 2/(-8). Calculate the remainder when (1 + -8)*21/g is divided by c.
5
Suppose 4*r = -5*f + 27, 3*r + 5 = 4*f + 2. Suppose 11 = -3*k + f*n + 152, -n = k - 53. What is the remainder when k is divided by 26?
24
Let m(b) be the first derivative of b**4/4 + 2*b**3 - b**2 - 5*b - 1. What is the remainder when 23 + -6*2/4 is divided by m(-6)?
6
Let h be (-1 - (-3)/15)*-10. Suppose -h*l = o - 3*l - 30, -5*o + 34 = -4*l. Calculate the remainder when 38 is divided by o.
8
Let s(k) = k**2 + 3*k - 7. Let x be s(-5). Suppose 0 = -x*i - 5*t + 34, 2*i + 3*t = t + 24. What is the remainder when 37 is divided by i?
11
Let z = 1 + 12. Calculate the remainder when 25 is divided by z.
12
Let f(j) be the third derivative of j**5/6 + j**4/24 + j**3/6 - 2*j**2. Let c = 14 + 13. Calculate the remainder when c is divided by f(-1).
7
Suppose 24 = -5*b - 3*k, 5*b - 5*k = b - 34. Let h(n) = -2*n - 9. Suppose 0 = -0*j - 2*j + 4*w + 26, 2*w = -6. What is the remainder when j is divided by h(b)?
1
Suppose 0*v = -2*v + 4. Let d = -43 - -112. Suppose -2*s + 5*w = -57, v*s = 5*s - 2*w - d. Calculate the remainder when 61 is divided by s.
19
Let i(a) = -a**2 + 4*a + 7. Let l be i(7). Let c = -9 - l. Calculate the remainder when 18 is divided by c.
3
Let k be 2*-2*(4 + -1). Let h = -1 - k. What is the remainder when 16/(4 + (-21)/6) is divided by h?
10
Let x(b) = 19*b. What is the remainder when x(1) is divided by 5?
4
Suppose -3*u - 12 = -33. Let v = 45 - 21. Calculate the remainder when v is divided by u.
3
What is the remainder when ((-2)/(2/(-1)))/((-15)/(-345)) is divided by 12?
11
Let j = 34 - 21. Let h = 8 - 9. What is the remainder when ((-5)/5)/(h/23) is divided by j?
10
Suppose 2*i - 50 = 5*n, -3*n + 3*i = 6*i + 51. Let v = n - -20. Calculate the remainder when 31 is divided by 129/12 + 2/v.
9
Let q(a) = a**3 + 3*a**2 + 4*a. Let c be q(-3). Let f = c - -28. What is the remainder when f is divided by 6?
4
Let i = 18 + 15. Suppose 44 = 3*a - 10. Calculate the remainder when i is divided by a.
15
Let t = 11 + -7. Suppose 3*k + 18 = 4*x + 5*k, 4 = 2*x - 4*k. Suppose 3*v - 6 = -x*g + v, 0 = -2*v - 2. Calculate the remainder when t is divided by g.
0
Let a = -8 - -7. What is the remainder when a/((1/1)/(-28)) is divided by 10?
8
Let u = -131 + 136. Calculate the remainder when 42 is divided by u.
2
Let f be -2 - -3 - (-6 - 5). Suppose -b + f = -5. Calculate the remainder when 65 is divided by b.
14
Suppose -c - 30 = -9. Let u be 19/(c/(-6) + -3). Suppose g = 5*q - u, 0*g - 6 = -2*q + 5*g. What is the remainder when 15 is divided by q?
7
Let n(d) = d**2 + d - 9. What is the remainder when n(-9) is divided by 13?
11
Let v(d) = d**3 + 5*d**2 + 4*d + 4. Let q be v(-4). Suppose q*s - 84 = 2*u, -s + 30 = -0*s + 4*u. What is the remainder when s is divided by 8?
6
Let b(r) = 7*r - 22. Let c be (-4)/6 + 105/9. Calculate the remainder when b(c) is divided by 8.
7
What is the remainder when (26 + -2)/(2 - 32/20) is divided by 16?
12
Let c = -3 - -5. Let x = 7 - c. Calculate the remainder 